. Let l(u) = -7*u - 25. Let r(b) = -4*l(b) + 9*o(b). Let j(z) = 2*z**2 - 3*z. Let a be j(2). Let w = 2 - a. Calculate r(w).
-8
Let p(a) = -2*a + 5. Let t be (30/24)/(1/8). Suppose 13 = g + 4*r, -5*g - t = -2*r - 31. What is p(g)?
-5
Let y(z) = -3*z**2 + z + 1. Let c(r) = -r**2 - 8*r - 8. Let m be c(-6). Suppose -15 = -2*h - 1. Suppose -t - 5*i = 8, -h = -m*t - 2*i - 3. Give y(t).
-9
Let i(d) = d**2 + 1. Let m(x) = 4*x + 1. Let u(t) = i(t) + m(t). Give u(-5).
7
Let g(s) = -1 + 2 + 2*s - 1. Determine g(2).
4
Let u be (2 + 6/(-4))*-6. Suppose -4 = -4*t, -5*t - 8 = -2*k - t. Let z(l) = -3*l**2 - 4 - l**3 + l + 2*l - 1 + k. What is z(u)?
-8
Let s(j) = -14*j**2 - 38*j. Let l(i) = 5*i**2 + 13*i. Let n(g) = -17*l(g) - 6*s(g). Give n(7).
0
Let c(g) be the second derivative of -g**3/3 + 7*g**2/2 + 5*g. What is c(5)?
-3
Let o(q) = -q**3 + 5*q**2 + 6*q + 5. Suppose 11 = 3*a - x - 5, 0 = 4*a + x - 26. Calculate o(a).
5
Let n(p) = -3*p**2 + 2*p. Let a(u) = u**2 - u - 1. Let m(t) = 2*a(t) + n(t). Give m(-2).
-6
Let h be (-1)/4*-6*2. Let y(j) = -2*j + 12*j**h - 11*j**3 + 5*j**2 - 5 + 0*j**2 + 0. Give y(-5).
5
Suppose -5 = -3*n - g, 0 = 4*n + n + 3*g - 7. Let h(a) = -1 - 7 - 10*a**n - 7*a + 9*a**2. Determine h(-6).
-2
Suppose 10 = k + k. Let w be 18/k - 4/(-10). Let i(p) be the first derivative of p**4/4 - 5*p**3/3 + 2*p**2 - 6*p + 4. Calculate i(w).
-6
Let g(t) = -9*t**2 + 15*t - 3. Let k(v) = -5*v**2 + 8*v - 1. Suppose -3*u + 9 = 0, 5*y + 2 + 21 = u. Let h(f) = y*g(f) + 7*k(f). What is h(5)?
10
Let g(l) = -l**3 - 6*l**2 - l + 1. Let f(w) = -w**2 - 6. Let h be f(0). Let o be g(h). Let j(i) = -i**2 + 5*i + 9. Give j(o).
-5
Let a(t) be the third derivative of -1/12*t**4 + 0*t + 1/20*t**5 + 0 + 1/6*t**3 + 1/120*t**6 + 7*t**2. Calculate a(-4).
-7
Let d(y) = -3 + 4 + y - 4*y. Let w be 4*4/(32/(-10)). Let q be ((-6)/w)/((-8)/(-20)). Calculate d(q).
-8
Let r(m) be the second derivative of -m**3/6 + 7*m**2/2 + 2*m - 4. Determine r(0).
7
Let j(r) = -r**3 + 5*r**2 + 4*r. Let s(y) = -6*y + 3*y**2 + 1 + y + 3*y**3 - 14*y**2 - 3*y. Let a(x) = 5*j(x) + 2*s(x). Determine a(-3).
-10
Let g(q) be the first derivative of -5*q**3/3 - q**2/2 + q - 1. What is g(1)?
-5
Let n(a) = 23*a**3 + 3*a**2 + 5 - 17*a**3 - 7*a**3 + 2*a. Determine n(4).
-3
Let s(h) = 11*h - 7 - h - h**2 + 5 - 7. Give s(8).
7
Let m(h) = h**2 + 2*h - 1. Let y(g) be the second derivative of g**4/12 + 2*g**3/3 - 3*g**2/2 - 2*g. Let j = -8 + 4. Let c be y(j). What is m(c)?
2
Let m(f) be the second derivative of -f**3/3 - f**2 - 14*f. Give m(3).
-8
Suppose 0*b = -2*b - 3*p + 13, 2*b - p - 1 = 0. Let t(h) = -2*h + h + 1 + h**2 - b + 2*h. Give t(2).
5
Let x(d) = 6*d - 3. Suppose 0 = s, t - s = 5*t - 20. What is x(t)?
27
Let g(t) = -4*t**2 - 3 - 3*t - 5*t**3 + 7*t**3 + 7*t + 1. Calculate g(2).
6
Suppose 4*z - 12 = 0, 4*u - 3*z = -2*z - 27. Let g(w) = w**2 + 4*w - 1. Calculate g(u).
11
Let t(y) = -45 - 53 - y - 50 + 156. What is t(6)?
2
Let n = 20 - 17. Let o(j) = 4 - j + 12*j**3 + n - 13*j**3 + 5*j**2. What is o(5)?
2
Let m(c) = -3*c**2 - 4*c + 1. Let n(g) = 16*g**2 + 21*g - 5. Let r(a) = -11*m(a) - 2*n(a). Suppose l - 3*l = -8. Suppose l = -3*z - 2. What is r(z)?
-1
Let r(b) = -b - 2. Let g(j) = 3*j - 2. Let o(x) = -7*x + 4. Let i(p) = -9*g(p) - 4*o(p). Suppose -1 = k + 1. Let u(y) = k*r(y) - 3*i(y). Calculate u(-1).
-1
Let o be 5 - 6/4*2. Let j(w) = -w**3 - 36 + w**o + 36 + 2*w. Determine j(2).
0
Let a(t) = t + 2. Let p(n) = -2*n**2 + 9*n + 3. Let z be p(5). Determine a(z).
0
Let d(m) = 2*m**2 + 3*m + 1. Let l be d(-2). Let k(g) = -2*g**2 + 8*g**2 + l*g - g**3 + 0*g**2 - 6. Give k(6).
12
Suppose 0 = -4*k - 16, -2*f = 5*k - 2 + 22. Let i(t) be the third derivative of 1/12*t**4 + f + 1/60*t**5 - 1/6*t**3 + 3*t**2 + 0*t. Give i(-3).
2
Let s(z) = 2*z**2 - 7*z - z**2 + 3*z - 3. Suppose 0 = 4*m + 2*d - 10, -4*m = -0*m - 2*d - 22. What is s(m)?
-3
Let c(n) = -3*n + 5. Let v be c(4). Let f(p) = -4*p - 9. Determine f(v).
19
Let m = -60 + 67. Let y(r) = -2*r + 6. Calculate y(m).
-8
Let l = 85 - 97. Suppose -43 = -5*z + 4*h, -3*h + 24 = 4*z - h. Let u = z + l. Let i(o) = -o**2 - 7*o - 2. Determine i(u).
8
Let m(b) = -4*b + 3. Let i(w) be the first derivative of -w**2/2 + w - 1. Let g(u) = -2*i(u) + m(u). Calculate g(-1).
3
Suppose -2*l + 25 = -3*l - 4*a, 0 = -3*l - 4*a - 35. Let h = l + 7. Let n(r) be the first derivative of -2*r**3/3 + 2*r + 2. Give n(h).
-6
Let r(h) = -h**2 + h**2 - h**3 - 2*h**2 - 4. Let x be r(-3). Let i(c) = -3*c + 1. Let v(s) = 16*s - 5. Let j(t) = 11*i(t) + 2*v(t). Give j(x).
-4
Let z(l) = -l**2 - 2*l + 3. Let d = 36 + -34. Calculate z(d).
-5
Let x(m) be the third derivative of 1/12*m**4 + 0*m - 1/120*m**6 + 0 - 1/2*m**3 + 1/20*m**5 - m**2. Suppose 4*k - 2*i - 4 + 0 = 0, -k = 2*i - 11. Give x(k).
3
Let g(s) be the first derivative of -s**5/20 - s**4/12 + s**3/6 - s**2 + s - 2. Let m(v) be the first derivative of g(v). What is m(0)?
-2
Let m(t) = -2*t + 2. Suppose 2*n = -n - 5*h - 82, -3*h - 78 = 3*n. Let c be n/(-10) - (-18)/30. Give m(c).
-4
Let b(f) = f - 1. Let y(w) = -w**2 + w - 6. Let d be y(0). Calculate b(d).
-7
Let y(r) = 5 + r**2 + 0*r**2 + 0*r**2. Suppose a = -4*u + 1, 0 = 3*a - 1 - 2. What is y(u)?
5
Let h(s) = -3*s - 7. Let l be h(-5). Suppose l = 3*y + 2. Let q(r) = 3 + 3*r - 3*r - r**y - r. Calculate q(0).
3
Let y(a) = -a - 5. Suppose 0 = 5*r - 6 - 4, -3*r = 3*u - 6. What is y(u)?
-5
Let x(y) = -y**3 - 4*y**2 + 6*y + 4. Suppose 5*f + 71 = -4*k - 16, 3*f + 99 = -5*k. Let b = k - -13. Give x(b).
-1
Let z(y) = -2*y**3 - 2*y - 1. Suppose -2*s - 2 + 3 = 3*i, -3*i + s = -13. Let t be (1/(-3))/(i/9). Give z(t).
3
Let u = 26 + -23. Let o(p) = p**3 - 3*p**2 - 3*p + 1. Give o(u).
-8
Let t(s) = s - 7. Suppose 0 = -3*r - 1 + 19. Let z be t(r). Let k(p) = 10*p**2 + 6*p - 1. Let o(a) = -a. Let n(f) = k(f) + 6*o(f). Calculate n(z).
9
Let j = 0 + 2. Let o(m) = 3*m**2 + 0*m - m + 2 - j*m**2. Let h be 6/1 - (3 + 1). Give o(h).
4
Let z be 98/12 - (-2)/(-12). Let w(c) = -3*c**3 + 4 + 4*c**3 - z - 6*c + 3*c**2. Give w(-4).
4
Let q(i) = -4 - i**3 + 0*i**3 - 2*i**2 + 2*i**2 - 6*i**2 - 5*i. Determine q(-5).
-4
Let r(v) be the second derivative of 0 - 1/3*v**3 + 1/2*v**2 + 1/6*v**4 + 1/10*v**5 - 4*v. Give r(1).
3
Let v(b) be the third derivative of -b**4/24 - b**3/6 - 3*b**2. Suppose w - 5*w - 16 = 0. Give v(w).
3
Let o = 6 + -4. Let k(z) = 3*z - o*z**2 + z**2 - 5*z + 6. Determine k(-5).
-9
Let k(t) = 5*t - 1. Let p(q) = -14*q + 3. Let h(b) = -11*k(b) - 4*p(b). Suppose r = 1, -5*r = -2*f + 2 - 3. What is h(f)?
1
Let v(b) = b**2 + 5*b - 18. Let y be v(-6). Let w = 8 + y. Let h(g) = -g - 1. Calculate h(w).
3
Let p(c) be the first derivative of c**4/4 + 7*c**3/3 - 5*c**2/2 - 3*c - 48. What is p(-8)?
-27
Let v(q) be the second derivative of q**3/3 + 2*q**2 - 7*q. Give v(6).
16
Let a = -1 + 5. Let g(t) be the third derivative of 5/24*t**4 + 0*t + 0 - 1/12*t**5 + t**2 + 1/120*t**6 + 1/6*t**3. Calculate g(a).
5
Let z(k) be the second derivative of -k**3/3 - k**2/2 - 6*k. What is z(-2)?
3
Let m be (-3)/15 + (-48)/(-15). Let h(c) = c**2 - 2*c - 7. Let w be h(5). Let g(v) = -7 + m - 5 - v**2 - w*v. Give g(-6).
3
Let i = 9 - 7. Let p(u) = -4*u**2 - i*u**3 + 2*u**3 - 2*u**2 + u**3 + 7*u - 4. Suppose -d + 4*m - 8 = 0, m = 5*d - 0*d - 17. Give p(d).
-8
Let g(r) = 7*r + 3. Let y(z) = -7*z - 3. Let c(i) = 3*g(i) + 4*y(i). Give c(4).
-31
Let m(x) = -x**2 + 3. Let k(y) = y**3 + 4*y**2 - 8*y + 4. Let v be k(-8). Let h be (-4)/30 - v/60. Determine m(h).
-6
Let f(x) = -3*x - 6. Let s be f(-2). Let r(z) = z - 4. Determine r(s).
-4
Let i(p) = p**2 + 3*p + 2. Let g be i(-2). Let c(l) = -4*l**3 - l**2 + l. Let b(q) = q**3 - 1. Let y(a) = -5*b(a) - c(a). Determine y(g).
5
Let r(z) be the second derivative of z**6/360 + z**5/30 - z**4/3 + z. Let o(y) be the third derivative of r(y). Calculate o(-3).
-2
Let f = 12 - 8. Let m = f + -8. Let t(i) = 2*i + 10. Let o(h) = -1. Let l(n) = 4*o(n) + t(n). Give l(m).
-2
Let h = 12 + -7. Let v(t) = t**3 - 4*t**2 - 4*t - 4. Let s be v(h). Let b(u) = u - u + 5*u**2 + 1. What is b(s)?
6
Let n(k) be the second derivative of k**7/2520 + k**6/240 - 7*k**5/120 + k**4/4 - k. Let c(z) be the third derivative of n(z). What is c(-5)?
3
Suppose 0 = -2*s + 5*b - 5, -2*b + 8 = 3*s - 13. Let r(g) = -g**3 + 6*g**2 